 s(-4). What is the units digit of (5 - -3)/(-1 + f)?
8
Suppose -2*t + 3 = 3*y + 15, -4*y = 8. What is the tens digit of (t - (-1 - 4))*16?
3
Let h = 21 - 7. What is the units digit of h?
4
What is the units digit of (-25)/(4 - 3 - 2)?
5
Suppose 4*o - 89 + 1 = -4*i, 0 = 4*i. What is the tens digit of o?
2
Let b be (68/6)/(11/(-33)). What is the tens digit of b/(-3) - (-4)/(-12)?
1
Let m = 28 + -14. Let j = m + -5. Let c = -5 + j. What is the units digit of c?
4
Let w(y) = 0*y + 1 + 0 - y. Let u be 9/(-1) + 9 + -8. What is the units digit of w(u)?
9
Let u(s) = -7*s - 1. What is the tens digit of u(-3)?
2
Suppose 0 = 4*t - 8, -3*t + 182 - 21 = 5*s. What is the units digit of s?
1
Let a = -14 + 26. Suppose -a = -3*i + 21. What is the units digit of i?
1
What is the tens digit of (1 - 10/4)/((-15)/1510)?
5
Suppose 3*l - d - 317 = 0, l + l + 3*d - 226 = 0. What is the tens digit of l?
0
Let i = 38 - 7. What is the tens digit of i/3 - 2/(-3)?
1
Suppose -5*h = 5*w - 135, -3*w = 2*h - 6*w - 74. What is the units digit of h?
1
Let k(x) = x**3 + 8*x**2 + 4*x - 8. What is the tens digit of k(-4)?
4
Let f = 8 + -1. Suppose f*o = 2*o + 40. What is the units digit of o?
8
Suppose 24*z + 2394 = 33*z. What is the hundreds digit of z?
2
Let u(d) = d**3 - 4*d**2 - 5*d + 3. Let v be u(5). What is the units digit of (v/2)/(12/80)?
0
Let h be (-54)/(-10) - (-2)/(-5). Suppose h*p + 7*q = 2*q + 115, -q + 43 = 2*p. Suppose -m - 38 = -3*r, -3*m = 5*r - 20 - p. What is the units digit of r?
1
Let v(t) = t**3 + t**2 - t + 104. What is the tens digit of v(0)?
0
Suppose 5*q - 2*z - 20 = 0, -4*q + 3*z + 16 = z. Suppose 0 = -v + 4*g + 1 + 10, -q*g = -4*v + 44. What is the tens digit of v?
1
Suppose 5*w - 68 = w - 2*b, -4*b = -w - 1. Let x = -9 + w. What is the units digit of x?
6
Let l(o) = -o**2 - 7*o - 1. Let x be (-1)/3 - 56/(-24). Suppose -n - 5 = -x. What is the units digit of l(n)?
1
Suppose 21 = 5*a - 2*v, 2*a - 3*v - 4 = -0*a. Suppose 0 = -i - 4*f + 2*f + a, -4*f - 16 = 0. What is the units digit of i?
3
Let n(z) = z + 1. Let s be n(-1). Let v = s + 3. What is the units digit of v?
3
Let q(g) = 3*g**2 + 6*g - 1. What is the tens digit of q(-5)?
4
Suppose -15*l + 150 = -14*l. What is the hundreds digit of l?
1
Let o(y) = -y**3 - 12*y**2 - 12*y - 9. What is the units digit of o(-11)?
2
Let u be ((-16)/4 - 20)/(-1). Let s = -14 + u. What is the units digit of s?
0
Let d be -1 - (-5 + 0 + -1). Suppose d*q - 8 - 27 = 0. Let c = 12 - q. What is the units digit of c?
5
What is the units digit of 2/11 - 2232/(-66)?
4
Let r(q) = q**2 + 14*q + 15. Suppose 0 = -5*j - 24 - 46. What is the tens digit of r(j)?
1
Suppose -q + r + 32 + 5 = 0, 5*r = -25. What is the tens digit of q?
3
Suppose -6*w + 3*w = -198. Suppose 27 = y + 2*q - 5*q, w = 4*y + 2*q. What is the tens digit of y?
1
Let p(u) = 0 - 3*u + 7 + 0. Let j be p(6). Let k = 24 + j. What is the units digit of k?
3
Suppose -6 = 3*h, k - 3*h = 6*k - 584. What is the tens digit of k?
1
Suppose -4*v + 223 = 79. Let u be (1 - 16) + -1 + -1. Let g = u + v. What is the units digit of g?
9
Let y = -44 - -213. What is the tens digit of y?
6
Let q(k) be the first derivative of -k**3/3 - 9*k**2/2 - 6*k - 3. What is the units digit of q(-8)?
2
Let g be -1 + 1 + 1 + 1. Suppose -3*b - g*b = 50. What is the units digit of 15/b*(-4)/3?
2
Suppose -3*u = -4*u. Let x(s) = 2*s**3 - 15*s**2 + 8*s - 4. Let o be x(7). What is the units digit of o - (u + 0)/3?
3
Suppose -b - 1 - 3 = 4*p, b + 3*p + 1 = 0. Let g(x) = -x**2 + 8*x + 5. What is the units digit of g(b)?
5
Let x = -251 - -362. What is the units digit of x?
1
Let n(m) = m**2 + 5*m + 6. Let l be n(-4). Let u be (-3)/(-6*(-1)/(-4)). Suppose -2 = 5*g - 3*j, 3*j - u - 14 = -l*g. What is the units digit of g?
2
Suppose 0*s + 336 = 3*s. What is the hundreds digit of s?
1
Suppose 12 = 3*i + i. Suppose -5 = -2*r + 5. Let j = r - i. What is the units digit of j?
2
Let s(f) = 0*f - f + f**2 + 7*f**3 - 3*f**3. Suppose 4 = 5*y - 1. What is the units digit of s(y)?
4
Let z be 1 + (2 - (-4)/(-1)). Let o(r) = -21*r**3 + r + 1. Let m be o(z). Suppose -2*y = -5*y + m. What is the units digit of y?
7
Let k(g) = 6*g**2 - g - 11. Let t(l) = -l**2 + l + 1. Let b(r) = -k(r) - 5*t(r). What is the units digit of b(-5)?
1
Suppose c + 25 = -i, 3*i - 2 - 3 = c. Let z = -14 - c. What is the units digit of z?
6
What is the units digit of -6 + 9 - (1 + -7)?
9
What is the units digit of (-4)/(-5) - 6944/(-20)?
8
Let s be (-1214)/(-22) + (-2)/11. Suppose -3*d = -5*j + s, 2*j - d + 17 = 39. Let m = 18 - j. What is the units digit of m?
7
Suppose 318 - 1038 = -12*p. What is the tens digit of p?
6
Suppose -3*d = -2 - 4. Suppose -d*r + 5 = -9. What is the units digit of r?
7
What is the units digit of 0 + ((-2486)/(-12) - (-2)/(-12))?
7
Let y be (-4)/6*72/2. Let t = -14 - y. What is the units digit of t?
0
What is the tens digit of (9/(-12))/((-1)/28)?
2
Let l(d) = -7*d + 1. Let u(m) = -m**2 - 9*m + 11. Let k be u(-8). Suppose -5*w + k = -4*s, -2*s = -0*s + w - 1. What is the units digit of l(s)?
8
Let t = -28 + 85. What is the units digit of t?
7
Suppose -2208 = 7*k - 19*k. What is the tens digit of k?
8
Suppose -q = 4*q. Let w(m) = q*m + 1 - 7 - 2*m + m. What is the units digit of w(-8)?
2
Let y be (-14)/35 - 224/(-10). Let n = y + -13. What is the units digit of n?
9
Let f = 112 + -31. What is the tens digit of f?
8
Suppose 0 = -3*a + 4*a - 5. Suppose -a*z - 3*l + 97 = 0, -3*z = 2*z + 5*l - 105. What is the units digit of z?
7
Suppose 5*y - 34 + 9 = 0. Suppose x + 3*h = y*x - 44, -x - 4 = 3*h. What is the tens digit of 42/(-8)*x/(-3)?
1
What is the units digit of ((-15)/4)/((-3)/20)?
5
Let z be (-10)/3*(-18)/(-15). Suppose 5*s = 4*o + 97, -s + 5*o = 4*o - 20. Let f = s - z. What is the units digit of f?
1
Let h = 9 + -9. Suppose -n = -h + 1. What is the units digit of (-4 + (n - -4))*-11?
1
Suppose -20 = 3*k - 8. Let s be (52 - -2)*1/3. Let l = s + k. What is the units digit of l?
4
Suppose -6*b = -3*b - 9. Let z = -1 + b. What is the units digit of z?
2
Let l be (0/(1 + 0))/(-2). Suppose -5*n - 2*j + 11 = l, 8*j = 3*j - 10. What is the units digit of n?
3
Let g = 36 - -8. What is the units digit of g?
4
Let s be 96/(-36)*(-4 + 1). Suppose z - s + 1 = 0. What is the units digit of z?
7
Let z = -105 + 157. Suppose z = 5*o - 43. What is the tens digit of o?
1
Suppose 423 = -4*y + 7*y. What is the hundreds digit of y?
1
What is the units digit of 77 + (-1 + 0 - 1)?
5
Let g be 4/(-6)*(-13 + -2). Suppose -4*f = -2 - g. Suppose 45 = f*o - 3*m, -54 = -4*o + 4*m - 3*m. What is the tens digit of o?
1
Suppose -4*i - 23 = 2*m - 59, 38 = 5*m - 3*i. What is the units digit of 1 + -1 + 0 + m?
0
Let f(x) = 2*x**2 + 12*x + 10. Let m be f(-8). Suppose 0 = -2*u + c - 93, -4*c - m = -0*u + u. What is the units digit of u/(-8) + (-1)/(-4)?
6
Let t be (7 + -8)/((-1)/(-26)). Let f be (-1 + t/3)*-3. Suppose -5*x + 11 + f = 0. What is the units digit of x?
8
Let n = -3 + -2. Let a(u) = u**3 + 4*u**2 - 7*u - 3. Let c be a(n). What is the units digit of (0 + (-6)/(-7))*c?
6
Let d(p) = -2*p**3 + 3*p**2 - 1. Let l be d(-2). Suppose 2*t - l = t. What is the tens digit of t?
2
Let a = -177 - -365. What is the tens digit of a?
8
Let v(q) = -2*q - 8. Let i be v(-6). Suppose 11 = h + i. Suppose 0 = -4*k - 5*b + 23, -5*b = -k + 5 + h. What is the units digit of k?
7
Let s(o) = 2*o**2 - 3*o - 5. Let g be s(-4). Suppose 3*b = g + 21. Suppose -v + b = 5. What is the units digit of v?
5
Let p(i) = -i**2 + 7*i - 6. Let z be p(4). Suppose -z*y = -y - j - 38, -28 = -3*y - 2*j. What is the units digit of y?
8
Suppose a - 5*v - 55 = 0, -a = 4*v - 3 - 79. What is the tens digit of a?
7
Let x(k) = k**3 - 5*k**2 - 8. Let o = -23 + 29. What is the tens digit of x(o)?
2
Suppose q = 4*q - 3. Let n(j) = 42*j - 1. What is the units digit of n(q)?
1
Let c(v) be the second derivative of -v**3 + 1/12*v**4 - 7/2*v**2 + 0 + 4*v. What is the units digit of c(8)?
9
Let z(r) = -r**2 + 5*r - 3. Let u be z(4). Let y = u + 5. Let b(q) = 3*q - 1. What is the units digit of b(y)?
7
Let u = 56 + 34. Suppose -7*q + u = -2*q + 3*y, q - 11 = -2*y. What is the tens digit of q?
2
Suppose -3*s + 8 = -7*s. What is the units digit of (-4)/2 - -2 - s?
2
Let p(o) = o**3 + 7*o**2 + 4*o + 5.